hat is the tens digit of y?
5
Let y be 3 + 156/16*4. Suppose -u + y - 16 = 0. What is the tens digit of u?
2
Let b(z) = 519*z**3 - 2*z**2 + 2. Let k be ((-10)/(-10))/(4 - 3). What is the hundreds digit of b(k)?
5
Let q be ((-1)/(-3))/(-6*4/(-1008)). Suppose 4*w = q + 2. Suppose 536 = w*g + 144. What is the tens digit of g?
9
Suppose -753 = -3*r - o, 0 = -8*r + 7*r + 3*o + 241. Let c = r - -94. What is the tens digit of c?
4
Let g(p) = 210*p**2 + 24*p + 341. What is the tens digit of g(-9)?
3
Suppose 0 = 2*c + 2*c + 644. Suppose -1899*h + 8990 = -1930*h. Let v = c - h. What is the tens digit of v?
2
What is the thousands digit of ((-6388112)/(-4))/23 + 23?
9
Let m = 2082 + -1429. Let w = -176 + m. What is the hundreds digit of w?
4
Suppose -340 = 24*r - 19*r. Let h = 110 + r. Suppose -21 = w - h. What is the units digit of w?
1
Let h(i) = i**3 + 10*i**2 + 11*i - 10. Let u be h(-8). Let w = 34 - u. Suppose w*b = -g + 41 - 4, 4*g - 148 = 4*b. What is the tens digit of g?
3
Let n(u) = 2*u**2 - 3 + u - u**2 - 7*u + 0*u. Let b be n(7). Suppose 2*m + b*q - 226 = 0, -2*q = 3*m + m - 428. What is the tens digit of m?
0
What is the ten thousands digit of 17/((-68)/24) - 25/(200/(-172848))?
2
Let m be (-6)/((-36)/42)*(-34)/(-2). Suppose -m*s - 3060 = -124*s. What is the tens digit of s?
1
Let c = 37870 - 26123. What is the thousands digit of c?
1
Suppose 5*u - j = 9*u - 1366, -j - 2 = 0. Suppose u*l + 54 = 343*l. What is the tens digit of l?
5
Suppose 2 = -5*b - 13. What is the hundreds digit of (0 - -2)*(-628)/8*b?
4
Let z be 10*(3 + 10/(-4)). Let p be (-1 - 2/10)*z/(-2). Suppose -4*i = -5*v - 449, p*i = -i + 2*v + 446. What is the tens digit of i?
1
Let h(i) = 8*i - 4. Let g be h(1). Suppose 872 + 1268 = 5*v + b, -g*v - 3*b + 1701 = 0. What is the units digit of v?
9
Let f = 501 - 113. Let x = -15 + f. What is the units digit of x?
3
Let n = -20531 - -26118. What is the thousands digit of n?
5
Let g = 30485 + -18278. What is the units digit of g?
7
Suppose 0*v + 22512 = 14*v. What is the tens digit of (-11)/22*v*-1?
0
Let f = 31 - 439. Let p = f + 1123. Suppose 4*z - p = 5*l, -z = l - 118 - 54. What is the units digit of z?
5
Let v(w) = -w - 13. Let u be v(-9). Suppose l - j = -39, 3*l - j + 111 = -0*j. What is the units digit of (-46)/u*l/(-6)?
9
Suppose 3*b - 17667 = -3*c, 3*c - 20*b - 17659 = -15*b. What is the tens digit of c?
8
Let i be 1/2*1*10. Suppose i*h - 1709 = q, -3*h - 5*q = -q - 1007. What is the hundreds digit of h?
3
Suppose 8*b + 233 - 761 = 0. Suppose 0 = 12*p - p - b. What is the units digit of -2 + 29 - (-2)/((-4)/p)?
4
Suppose 7*s = 2*u + 4*s - 20, -4*u - 5*s = -40. Suppose u*p - 208 - 2932 = 0. What is the units digit of p?
4
Suppose 4*j - 11 + 3 = 0, 0 = -z - 3*j + 153. Suppose -z*i + 158*i = 550. What is the units digit of i?
0
Let l(m) = -11*m**2 - 8*m - 7. Let v be l(-1). Let n be v/3 + 14/(-21). What is the hundreds digit of ((-278)/n)/((-1)/(-4))?
2
Let j be -2 + -2 - (0 - -2) - 10. What is the hundreds digit of (62 - -4)/((-1)/j)?
0
Let i = 9 + -5. Suppose m - i*m = 0. Suppose 5*t + 4*k - 193 = m, -4*k = -4*t + 142 + 34. What is the tens digit of t?
4
Let q be (63/6)/(54/36). What is the tens digit of (-1062)/((-7)/q) + (-7 - -3)?
5
Suppose 0 = -18*d + 8*d + 10. Let t be (-6 - -3 - 0) + 223*d. What is the tens digit of t/3 + ((-15)/(-9) - 1)?
7
Suppose 3*c = -0*l - 2*l + 191, -5*l = 10. Let t = 138 - c. What is the units digit of t?
3
What is the thousands digit of 171/(-38)*(-5 - 7/((-147)/(-264467)))?
6
Let i be 9/(-2 + -1)*-3. Let y = -93 - -90. What is the hundreds digit of 933/i + (-1)/y?
1
Let r(p) = p**2 + p - 2. Let s be r(2). Suppose 0 = 2*a - 2*l - 0*l + 14, -3*a - s*l - 56 = 0. What is the tens digit of a/(-20) - (-272)/5?
5
Let u(g) = 29*g**2 + 6*g - 7. Let s(j) = -7*j**2 - j + 2. Let q(x) = -9*s(x) - 2*u(x). What is the tens digit of q(-8)?
4
Let n = -445 + 450. Suppose 4*o + n*a - 4017 = 0, -31*a = -5*o - 29*a + 5046. What is the thousands digit of o?
1
Suppose 0 = -38*g + 35*g - 9. Let u be (0 - g)*(-4)/((-12)/(-123)). Let r = -5 - u. What is the units digit of r?
8
Suppose 0 = -2*o - 14*d + 17*d + 101, d - 89 = -2*o. Suppose -2*c + 2*g = -1860, 5*c - o*g = -51*g + 4650. What is the units digit of c?
0
Suppose 4*b = 4*z - 4824, 3*b + 2169 = 2*z - 1454. Let r = -820 - b. What is the units digit of r?
1
Let s(v) = -v**3 - v**2 + 11*v + 5. Let z be s(-5). Suppose 5*w + 10 = 5*p + z, 2*p - 3*w + 16 = 0. Let b(n) = -7*n + 31. What is the units digit of b(p)?
7
Suppose 8*l = 5*l + 42. What is the units digit of l/(-84) + 1641/18?
1
Let c(o) = o**2 + 4*o - 66. Suppose -156 = 7*g - 51. What is the units digit of c(g)?
9
Let z = 34974 + 8500. What is the units digit of z?
4
Let k(p) = 19*p**2 - 3*p + 1. Suppose 4*j - 10 = 14. Suppose -j*v + 7*v + 3 = 0. What is the tens digit of k(v)?
8
Let k be 6/2 - -2 - (-1 + -4). Suppose 9 = 3*f - 0*f. What is the units digit of 328/k + f/15 + 0?
3
Let v = -5531 - -58746. What is the ten thousands digit of v?
5
Suppose 8*d - 5*i + 4 = 6*d, 4*d + i + 52 = 0. Let o be ((-246)/8)/((-3)/d). What is the tens digit of (-9)/(54/(-12))*o/(-6)?
4
Let k = -125849 + 199113. What is the tens digit of k?
6
Let v(k) = -32 - 31*k**2 - 18*k + 11*k**2 + 13*k**2 + 9*k**2. What is the hundreds digit of v(-11)?
4
Let j(p) = -p**3 + 8*p**2 - 11*p + 30. Let g be j(7). Suppose g*r - 8108 = -5*l + 5*r, 3*l - 4*r - 4856 = 0. What is the hundreds digit of l?
6
Let j(h) = -5310*h + 1588. What is the hundreds digit of j(-4)?
8
Let v = -203 - -205. Suppose n + 2*w = 166, -333 = -v*n - w + 8. What is the hundreds digit of n?
1
What is the thousands digit of 3*-3 + 50543 + -9 + 21?
0
Let s = 15447 - 8937. What is the hundreds digit of s?
5
Let t(m) = 2*m**3 + 6*m**2 + m + 85. What is the tens digit of t(10)?
9
Let c(n) = 4*n + 143. Suppose -2*t + 4*z = -76, 5*z - z = -20. What is the tens digit of c(t)?
5
Let w = 347 + -892. Let l = 530 - w. What is the thousands digit of l?
1
Let r(y) = -y**2 + 9*y - 15. Let f be r(6). Let z(x) = 5*x + 5 + 14 - f*x + 12. What is the tens digit of z(-6)?
1
Let h be 70/4*7/((-21)/(-138)). Suppose 2*q = -5*s + h, -4*q + 5*q + 2*s - 400 = 0. What is the units digit of q?
0
Suppose -17*q + 0*q - 102 = 0. What is the units digit of q/2 + 6 + 8?
1
Suppose -3*s - 3 = 0, 3*s - 30 = -4*i + 31. Let q(h) = 3*h**2 + 2*h + 116. What is the tens digit of q(i)?
1
Let p = 3406 - 3322. What is the tens digit of p?
8
Let k(j) = -70*j + 4. Let r(o) = -o. Let q be (1/(-3))/(27/(-81)). Let v(n) = q*k(n) + r(n). What is the hundreds digit of v(-3)?
2
Let x be (12/(-12))/(4/696). What is the hundreds digit of (1178/3)/((-116)/x)?
5
Suppose -4*l + 22505 = -14*m + 15*m, -4*l + 22502 = -2*m. What is the thousands digit of l?
5
Let z(a) = 6529*a**2 + 8*a + 13. What is the ten thousands digit of z(3)?
5
What is the units digit of (10412 - 6) + 6 + -6*6/(-12)?
5
Let m(h) = -2*h**3 - 82*h**2 + 52*h - 269. What is the units digit of m(-43)?
1
Let y(s) = -s**2 + 67. Let p be y(8). Let u = 8 - 3. Suppose p*o - 4*f + 14 - 103 = 0, -u*f = 25. What is the tens digit of o?
2
Let y be ((-7)/21)/((-3)/72). Let g be 12 - y - (0 - 0). What is the units digit of (978/15 + g)/((-4)/(-10))?
3
Suppose -4*g - 3*i - 1295 = 0, 2*i = -2*g - 2*i - 660. What is the units digit of g/200*(-45)/2?
6
Suppose 0 = -3*f + 7*f. Let x be -33 + 3/3 - f. Let l = 66 + x. What is the units digit of l?
4
Let g be (-2 - -5)/((-22)/8074). Let w = g - -2443. What is the units digit of w?
2
Let n be (8/6)/(2/(-39)). Let a = n + 29. Suppose 7*x - 670 = -a*x. What is the units digit of x?
7
Suppose -3*n = 18, 2*y - 2*n - 14536 - 10664 = 0. What is the hundreds digit of y?
5
Let m(v) be the third derivative of -v**5/30 + 2*v**4/3 + 8*v**3/3 - 513*v**2. Suppose 2*a = 8, -4*a + a - 20 = -4*o. What is the tens digit of m(o)?
1
Let h(p) = -3*p + 7. Let k(q) = 10*q - 20. Let i(w) = 11*h(w) + 4*k(w). Let g be i(1). Suppose 31 = -g*n + 619. What is the units digit of n?
7
Let n(c) = -2*c**2 - 13*c - 15. Let z be n(-3). What is the tens digit of z - (-2330)/(3 - -2)?
7
Let t be -2 - 1 - 7*-1. Suppose -231 + 3575 = -t*d. What is the tens digit of 6/21 - d/14?
6
Suppose -5*a = 4*s - 0 - 39, 5*s + 5*a = 45. Let f be 2/(-4)*(-13 + 25 + -16). Suppose -5*n 